st common factor of m and 46?
23
Let g be ((-18)/(-4))/(27/72). Let m = g + -11. What is the greatest common divisor of 3 and m?
1
Let l = 767 - 715. Calculate the greatest common factor of l and 182.
26
Let u(q) = 3*q + 25. Let j be u(-15). Let t be (-1)/4 - 1005/j. Calculate the greatest common factor of 125 and t.
25
Let m(z) = -4*z**2 + 5*z + 2. Let p be m(-3). Let v = -26 - p. Let b be (-2 - -48)*(-3)/(-2). What is the highest common factor of b and v?
23
Let d(o) = -39*o + 1. Suppose -15 = -4*w - 7. Suppose -w*g - 2*g - 4 = 0. Let q be d(g). Calculate the greatest common divisor of q and 16.
8
Let t(g) = -7*g - 2. Let w(r) = -6*r - 2. Let x(d) = -5*t(d) + 6*w(d). Let m be x(0). Let y be (16/3)/(m/(-3)). Calculate the greatest common factor of 8 and y.
8
Suppose -5*p = 2*l - 896, -2*p - 5*l = -p - 170. Suppose 5*z - p = z. What is the highest common factor of z and 315?
45
Let r = -80 - -403. Calculate the greatest common factor of r and 19.
19
Let k(w) = -4*w**2 + 10*w + 10. Let d(c) = -1. Let l(n) = 6*d(n) - k(n). Let h be l(7). Calculate the greatest common divisor of h and 44.
22
Suppose -u = -2*v - 4, 4*u - 4*v - 81 = -9*v. What is the highest common factor of 56 and u?
14
Suppose -225 = -2*r + 115. Suppose 0 = -u + y + 72, -3*y + 56 = 4*u - 3*u. What is the highest common factor of u and r?
34
Suppose 0 = 3*i + 19 - 1. Let t be (3 + 136/i)*3. Let o = t - -92. Calculate the highest common factor of o and 11.
11
Suppose 0 = -26*d + 30*d + 188. Let t = d - -62. What is the highest common factor of t and 120?
15
Let o(b) = -b. Let v(x) = 56*x - 16*x + 67*x - 2. Let u(a) = -4*o(a) + v(a). Let j be u(2). Calculate the greatest common divisor of j and 20.
20
Suppose -4*m + 5*a + 8020 = 1948, 4 = -a. What is the highest common factor of m and 17?
17
Let o be (15/(-3))/5 - -109. Calculate the greatest common factor of o and 189.
27
Suppose 0*n + 700 = 14*n. What is the greatest common factor of 325 and n?
25
Suppose 0 = -211*t + 217*t - 30. Suppose 129 + 63 = 2*l. Suppose 11*p - l = t*p. What is the highest common factor of 4 and p?
4
Let k(h) = 6*h**3 - 4*h**2 + 3*h + 2*h - 7*h**3 + h**2 - 3. Let c be k(-5). What is the highest common divisor of 88 and c?
22
Suppose -y = -2*y + 14. Suppose 2*b - 4*u = -4, y + 11 = 5*u. Let w(p) = -6*p - 8. Let s be w(-4). Calculate the highest common factor of s and b.
8
Suppose 196*d - 197*d = -7. What is the highest common divisor of d and 3?
1
Let v = -211 + 36. Let g = -70 - v. What is the greatest common divisor of g and 42?
21
Let d(w) = -4*w - 4 - 8*w - 8*w - 8*w. Suppose -3*v - 4 = 5. Let j be d(v). Calculate the greatest common divisor of j and 20.
20
Let a be (33 - 33) + (-315)/(2/(-2)). What is the greatest common divisor of 189 and a?
63
Suppose -3 = r + 3. Let g be (-3)/((-27)/r)*-57. Let j be (-4)/8*2*-57. What is the greatest common divisor of g and j?
19
Let j(p) = 9*p + 84. Let r be j(-8). What is the highest common factor of 36 and r?
12
Suppose -3*k + 11 = j - 17, -5*k - 2*j = -46. Let y be 48/k - 12/(-60). Calculate the greatest common factor of 40 and y.
5
Let g = 3 - 1. Let x be (-46 + 81)*4/14. Calculate the greatest common factor of g and x.
2
Let g = 35 + -41. Let z(c) = c**2 + 3*c - 2. Let l be z(g). Calculate the greatest common divisor of 16 and l.
16
Let k = -4 + 15. Let w(y) = -y + 16. Let u be w(k). Suppose 0*h + 30 = u*h. Calculate the highest common divisor of h and 54.
6
Let p be -4 - -4 - (52 + 1). Let x = p - -81. Let w be 208/5 + 4/10. Calculate the greatest common factor of w and x.
14
Let o = -1 + 6. Let g be (268/20 - (-38)/(-95))*(-5)/(-1). What is the greatest common divisor of g and o?
5
Let l(q) = -q**3 - 7*q**2 - 2*q - 8. Let h be l(-7). Let s be (-44)/(-12) + (-4)/h. Suppose s*b = -2*b + 160. Calculate the greatest common divisor of b and 48.
16
Suppose -96 = -0*b + 6*b. Let w be 80/6 - (b/12)/2. Suppose -43 = 2*l + 3*m - 170, 0 = 5*l + 2*m - 290. Calculate the highest common factor of l and w.
14
Let w = 9 + 17. Let l be (2/2)/((-10)/(-480)). Let u = l - w. What is the highest common factor of u and 2?
2
Let m be 0 - 3 - -55 - -4. Calculate the highest common divisor of 644 and m.
28
Suppose -5*y + 5*c + 111 = 11, -12 = -3*c. Let j(i) = 2*i**2 + 49*i + 7. Let p be j(-25). What is the highest common factor of y and p?
8
Let g(n) = 2*n - 2. Let m = 13 + -10. Let q be g(m). Suppose -q*x = -2*x - 20. Calculate the greatest common divisor of 20 and x.
10
Suppose -3*x + 17 = r - 0*x, 2*r - 3*x = 16. Let b be (-32)/8 + (-2 - 34). Let s be (-2379)/(-24) - (-5)/b. Calculate the highest common factor of s and r.
11
Let i(r) be the second derivative of r**5/20 + r**4/12 - r**3/6 + 7*r**2/2 - 5*r. Let t be i(3). What is the greatest common factor of 16 and t?
8
Let w(u) = 12*u - 3*u + 3*u - 1 - 3. Let b be w(10). What is the highest common divisor of 29 and b?
29
Let k be 119 - -33*4/12. What is the greatest common divisor of k and 39?
13
Let u = 147 + -118. What is the highest common factor of u and 464?
29
Let p be 1 + (-836)/(-28) + (-90)/105. Calculate the highest common factor of 51 and p.
3
Suppose w + 4*f = 30, -2*w - 2*f + 3*f = -33. Suppose -5*b + 4*b + w = 0. Suppose -18 = -2*q - q. What is the highest common factor of b and q?
6
Let w(j) = -7*j**2 + 103*j - 5. Let v be w(9). What is the highest common divisor of v and 5?
5
Let s(n) = 3*n**2 - 2*n + 11. Let w be (-4 - (3 + -9)) + -2. Let l be s(w). What is the highest common factor of l and 1?
1
Let s(h) = h**3 - 9*h**2 + 7*h + 45. Let i be s(10). Calculate the greatest common factor of 43 and i.
43
Let k(s) = 16*s**2 - 2*s + 4. Let q be k(-3). Suppose 2*i + 2*y - 26 = 0, -4*i = i + 2*y - 68. What is the highest common factor of i and q?
14
Let b(i) = i + 4. Let h be b(-4). Suppose 5*r = -h*r + 175. Let l be -3 + 0 - ((5 - 11) + -4). What is the highest common factor of l and r?
7
Suppose 0 = 5*x + 20, 4*t + 2*x = 3*t + 111. Let p be (-2)/(-6) - 303/(-9). Suppose p = i + i. What is the greatest common factor of t and i?
17
Suppose -3*r = 3*q - 64 + 19, -63 = -5*q - r. What is the highest common factor of q and 324?
12
Let m be 2/19 + (1926/38)/3. Let p = 140 - 72. What is the highest common divisor of p and m?
17
Let k be (-43)/43 - -4*1*331. What is the highest common factor of 63 and k?
63
Let b = 31 - 23. Suppose -410 = 4*h + 2*v + 54, -h - 2*v - 116 = 0. Let z = 172 + h. Calculate the greatest common factor of b and z.
8
Let v(r) = -231*r - 24. Let n be v(2). Let f be (-3)/9*n/3. Suppose 0*c - 270 = -2*c. What is the greatest common factor of f and c?
27
Let o be 61 - 32/(-12)*-3. Calculate the highest common divisor of o and 954.
53
Let i(r) = 5*r**2 + 6*r - 7. Let y be i(4). Suppose 5*n + 3*v - y = 2*v, 3*v - 101 = -5*n. Calculate the highest common factor of 19 and n.
19
Let c be (60/(-45))/(6/(-72)). Calculate the highest common factor of 272 and c.
16
Let w(d) = -25*d. Let k be w(-1). Let q = 32 - 40. Let c(f) = -2*f - 11. Let j be c(q). What is the highest common factor of k and j?
5
Let x(s) = -130*s - 72. Let l be x(-3). What is the highest common factor of 6 and l?
6
Let s(l) = l**3 + 7*l**2 + 3*l - 19. Let a be s(-4). Suppose 0 = -m - 4 + 21. Calculate the greatest common divisor of m and a.
17
Let s(y) = -2*y + 10. Let p be s(-10). What is the highest common factor of p and 30?
30
Let p = 37 + -37. Suppose p = 4*y + x - 144, y + x = 2*x + 31. Calculate the greatest common divisor of 140 and y.
35
Let g(s) = 21*s - 2. Let a be g(-1). Let j = a - -48. Calculate the greatest common divisor of j and 50.
25
Suppose -42 = -2*m + 4*k, -4*m - 63 = -7*m + 3*k. Suppose 2*x = 5*g + 3, -3*x = -7*x - 5*g + m. Calculate the highest common divisor of 4 and x.
4
Let c be 80 - -1*(-9 - -1). Calculate the greatest common divisor of 60 and c.
12
Let n(m) = -m + 26. Let a be n(8). Let w = a + -15. Let h = 4 - w. What is the highest common divisor of h and 5?
1
Let m(h) = h**2 + 11*h - 42. Let o be m(4). Calculate the greatest common divisor of o and 576.
18
Suppose -144*h + 42*h = 131 - 2273. Let o = 220 + 11. What is the highest common divisor of h and o?
21
Let q(b) = -b**3 - 2*b**2 + 32*b + 19. Let o be q(-11). What is the greatest common divisor of 36 and o?
36
Let y be (5/4)/((-2)/(-24)). Suppose -4*d - 3*l 